 tens digit of (315/(-10))/(7/(-14))?
6
Let m be 4/(-14) - (-360)/(-63). Let s(z) = z**2 + 7*z + 0 - z + 3. What is the units digit of s(m)?
3
Suppose -4*m + 2*w + 70 = -14, m + w = 27. Suppose 28*l = m*l + 555. What is the tens digit of l?
1
Let x(r) = -11*r + 4. Let p(l) = -l. Let c(t) = 18*p(t) - 2*x(t). Let i(b) = -5*b - 3. Let z be i(-3). What is the units digit of c(z)?
0
Suppose -5*h = -5*q - 12565, 7*h - 2*h + 2*q - 12558 = 0. What is the hundreds digit of h?
5
Suppose 5*n - 3*u - u - 22 = 0, 2*n - 7 = u. Let i(q) = 6 - 5*q + q**n + q**2 - 3. What is the tens digit of i(6)?
4
Suppose -z = -0*z + c - 29, 5*z - c = 133. Suppose -7*b + z = 6. Suppose -b*n - 90 = -5*n. What is the tens digit of n?
4
Suppose 14*q - 12324 = -3154. What is the tens digit of q?
5
Let k(q) = 4 - 12 - 2*q**3 - 6*q**2 - 4*q - 5*q + q**3. Let p be k(-8). Suppose 5*m - m - p = 0. What is the units digit of m?
8
Let a = 2 + -12. Let f be (-9 - a) + 3*3. Let y(z) = -z**3 + 9*z**2 + 10*z + 10. What is the units digit of y(f)?
0
Suppose 59*c = 328391 - 43303. What is the thousands digit of c?
4
Let r(w) = -358 + 184 + 176 + 2*w. Let x = -2 + 2. What is the units digit of r(x)?
2
Suppose 3 = -2*t + 7. Suppose 2 = t*s - 2. Suppose n - 10 + s = 0. What is the units digit of n?
8
Let y = -690 - -486. What is the units digit of ((-11)/2)/(6/y)?
7
Suppose -9*a = -7*a - 20. Suppose a*g - 75 = 5*g. Suppose 4*k + 0*k = q + 9, -4*q - k = -g. What is the units digit of q?
3
Let j(n) = -75*n + 55. What is the units digit of j(-4)?
5
Suppose 515*w - 5637 = 512*w. What is the hundreds digit of w?
8
Suppose -5*f - 4 = -24. Suppose 4*j - 57 = -5*g + 2*j, -3*j = f*g - 47. What is the tens digit of g?
1
Suppose 3 = r + 2. Suppose 7 = -t + r. What is the units digit of ((-3)/2)/(t/92)?
3
Let b(z) = 3*z**2 + z + 1. Let i be b(-1). Let d be 10/i + (-4)/12. What is the units digit of 5*(-2 - d*-2)?
0
Let q be 126/(-49)*(-28)/6. Suppose 5*r = -r + q. What is the units digit of r?
2
Let j(i) = -i**3 + 6*i**2 - 5*i - 3. Let x be j(4). Let o = -7 + x. What is the units digit of o?
2
Let t = 785 + -288. What is the tens digit of t?
9
Let i be 1052*(27/6 + -4). Suppose 0 = 3*k + 172 - i. Suppose k = 3*n - n. What is the tens digit of n?
5
Let p be (-1 - 0/(-1))*(-2 - 149). Suppose f + p = h, 5*h + 3*f - 368 - 355 = 0. What is the units digit of h?
7
Suppose 0 = -3*a + a - 2*p + 590, 0 = 4*p - 4. What is the units digit of a?
4
Suppose 0 = -a + 21 - 7. Let r = 29 - a. Suppose 4 = -y + 2*m, r = 4*y + m - 5. What is the units digit of y?
4
Suppose -52 = q - 5*q + 4*g, -4*g - 36 = -2*q. Let j(i) = 9*i**2 - 7 + 8 - i**3 - q + 11*i. What is the units digit of j(10)?
3
Let i = 78 + -120. What is the tens digit of (i/35)/(1/(-70))?
8
Let f(i) = i**2 + 22*i + 12. Let w be f(-18). Let r = w - -28. What is the tens digit of (r/3)/(2/(-3))?
1
Let z(n) = 7*n**2 - 3*n - 15. What is the hundreds digit of z(7)?
3
Let n(w) = -5*w**2 + 4*w + 5. Let h(r) = 9*r**2 - 9*r - 9. Let q be (-20)/(-6)*(-36)/(-30). Let s(y) = q*h(y) + 7*n(y). What is the tens digit of s(10)?
1
Suppose 64 - 808 = -2*w. What is the units digit of w?
2
What is the units digit of (-3*(-1)/3)/((-1)/(-208))?
8
Let n(q) = 8*q + 8. Let g be n(-2). Let s(v) = v**3 + 9*v**2 + 4*v + 5. What is the tens digit of s(g)?
3
Suppose n + 109 + 12 = 3*j, 5*j - 5*n = 205. Let i = j - 16. What is the tens digit of (-102)/(-4) + (-12)/i?
2
Suppose 2*l - 4 = -4*c + 2*c, 5*c + 26 = 4*l. Let x(n) = n**3 + 4*n**2 + 4*n + 3. What is the units digit of x(c)?
3
Suppose -5*o - y = -10*o + 1108, o = -2*y + 215. What is the tens digit of o?
2
Let w(k) = 4*k + 51. Let g be w(-12). Suppose -o = -5, 3*z + g*o - 210 = -0*z. What is the units digit of z?
5
Let h be (-2 - (-4)/(-10))/((-16)/40). What is the tens digit of (-112)/h*210/(-56)?
7
Suppose -3*i = -5*x - 143, 3*i - 8*i + x = -275. Suppose -5*n + 17 = m - 2*n, -2*m + i = -5*n. What is the units digit of m?
3
Let s = 1085 + -416. What is the tens digit of s?
6
Suppose -4156 = 15*q - 19*q. What is the units digit of q?
9
Let d(f) be the second derivative of f**4/12 - f**3/6 + 47*f**2 + f. What is the tens digit of d(0)?
9
Suppose 2*a = 3*i + 2, -2*a - 2 = -5*i - 0*i. Suppose i*o + 3*o - 15 = 0, -5*q = 2*o - 941. What is the hundreds digit of q?
1
Suppose s = -6*c + 2*c + 12, 3*c - 4*s = -10. Suppose -3*u - 2*x + 7*x = -99, -x = c*u - 53. What is the units digit of (2*-1)/(u/(-70))?
5
Suppose 2*u - 5*a - 17 = -214, -3*a = -u - 98. What is the hundreds digit of (2/2)/(-4 - -5) - u?
1
Let p(l) = 12*l**3 - 5*l**2 - 8. Let b(y) = -4*y**3 + 2*y**2 + 3. Let h(w) = 11*b(w) + 4*p(w). What is the units digit of h(2)?
1
Let t(z) = z**3 + 27*z**2 - 39*z - 41. What is the tens digit of t(-28)?
6
Suppose -11*m - 34 = -89. Suppose 0 = -3*q + 2*q + 4. Suppose q*v + 53 = m*v. What is the units digit of v?
3
Suppose 2*l - 7*l - 10 = 0, l + 17 = 3*f. Suppose 3*b = 4*q - 0*b - 154, q = -f*b + 27. What is the units digit of q?
7
Suppose -b + m = 5*m - 124, -5*m = 20. What is the tens digit of b?
4
Let p(n) = 4*n**2 - 13*n + 5. Let d(u) = -u**2 + u + 1. Let r(y) = -5*d(y) - p(y). Let t be (24/(-4))/(3/(-2)). What is the tens digit of r(t)?
3
What is the hundreds digit of 1379/105 - 13 - 28168/(-15)?
8
Suppose 0*i - 720 = 5*i. Let s = -14 - -220. Let r = s + i. What is the units digit of r?
2
Let q = 268 - 176. Let w = q + 57. What is the units digit of w?
9
Let z(b) = b**3 - 2*b**2 - 5*b. Let w(m) = -m**2 - 5*m + 11. Let f be w(-6). What is the tens digit of z(f)?
5
What is the units digit of (-1 - -117)*((-689)/(-52) + 4)?
1
Suppose -2*i - 899 = -7*i + 3*z, -718 = -4*i + 3*z. What is the tens digit of i?
8
Let t = 916 + -483. What is the tens digit of t?
3
Suppose 558*h - 19530 = 551*h. What is the tens digit of h?
9
Let q = -18 + 26. Suppose -f - 3*f = -q. Suppose -f*y = -13 - 5. What is the units digit of y?
9
What is the units digit of ((-4)/(-15 + -1))/((-2)/(-15784))?
3
Suppose -3*j - 4 = 8. Let d be -15 + j - -2*1. Let i = d - -18. What is the units digit of i?
1
Let g = 9 - 6. Suppose -89 = -4*m - 3*k, 27 = g*m + 5*k - 37. Let s = 39 - m. What is the units digit of s?
6
Let c(l) = -15*l + 124. What is the units digit of c(-12)?
4
Suppose 5*r = 5*f + 25 + 10, -2*r - f + 2 = 0. Suppose 4*c - 921 = -5*y, y - 690 = -r*c - 2*y. What is the hundreds digit of c?
2
Let v be (-1)/5 - 62/(-10). Let o be -1 + v + 6/(-3). Suppose -5*w = -3*u + 29, -w + 54 = 7*u - o*u. What is the tens digit of u?
1
Let d = -2 - -7. Suppose -3*q - 3 = -9. Suppose 0*u = -u - q*x + 20, 5 = d*x. What is the units digit of u?
8
Suppose -4*d = 2*g + 52, -8*g = d - 4*g - 1. What is the tens digit of (3290/d)/7*-3?
9
Suppose 16*m = 4*m. Suppose t + m = 72. What is the units digit of t?
2
Let d(x) be the first derivative of -x**3/3 - 8*x**2 + 16*x + 2. What is the units digit of d(-12)?
4
Let w(x) = -x**2 + 5*x + 6. Let d be w(6). Suppose g + 2*g - 6 = d. Suppose 0 = j - 6 + g. What is the units digit of j?
4
Let r = -99 + 125. What is the hundreds digit of r/((-81)/21 - -4)?
1
Let w(v) = -28*v - 2. Let r be (13/(-3 + 2))/1. Let b = -14 - r. What is the units digit of w(b)?
6
What is the tens digit of 7 - (-1557 + (-64)/8)?
7
Let j be (-456)/(-32)*(-8)/(-3). Let i = j - -35. What is the tens digit of i?
7
Let v(k) = -2*k + 161. What is the tens digit of v(30)?
0
Suppose 0*z + z = 252. Suppose 4*u - z = u. Suppose 5*y = y + u. What is the tens digit of y?
2
Suppose 0 = 2*t + t - 291. Let q = t + -41. What is the tens digit of q?
5
Let j(d) = -20*d - 32. Let i be j(-6). What is the tens digit of 11/(i/(-12)) - (-77)/2?
3
Let j = 1176 + 1703. What is the units digit of j?
9
Suppose 9*l + 4 = 11*l. Suppose -14 = -l*x + x. Let c = x - 0. What is the tens digit of c?
1
Suppose 0 = -5*r - 2*t - t + 25, -19 = -2*r - 3*t. Suppose 2*l - r*v + 4*v - 172 = 0, 3*l - 238 = v. What is the tens digit of l?
8
Let y(x) = 2*x**3 - 12*x**2 - 14*x + 22. Let u be y(10). Suppose -4*m - 102 + u = 0. What is the tens digit of m?
4
Let x(w) = 3*w + 2. Let r be x(1). Suppose 2*d - 22 = -2*q + 16, 55 = 3*d + r*q. What is the tens digit of d?
2
What is the hundreds digit of 5/((-4)/(-16) - 24/100)?
5
Let x = 638 - -3194. What is the hundreds digit of x?
8
Suppose 0*q + 2*q = 2. Suppose 2*p - 85 